Calculate the highest common divisor of 245518 and 1491.
497
What is the highest common divisor of 601 and 126811?
601
Calculate the greatest common factor of 117228 and 60.
12
Calculate the greatest common divisor of 2364 and 44.
4
What is the highest common factor of 28584 and 576?
72
What is the highest common factor of 63 and 99513?
9
Calculate the highest common divisor of 46638 and 180.
18
Calculate the highest common divisor of 15 and 105533.
1
Calculate the highest common factor of 2320 and 19952.
464
Calculate the highest common factor of 3535 and 12761.
7
Calculate the highest common divisor of 106396 and 23423.
397
What is the greatest common divisor of 121 and 230747?
121
What is the highest common factor of 736 and 818938?
46
What is the highest common factor of 48432 and 32?
16
What is the greatest common divisor of 9204 and 75244?
52
What is the highest common divisor of 5224986 and 1404?
702
What is the greatest common divisor of 2168554 and 136?
34
What is the greatest common divisor of 64 and 5752?
8
What is the greatest common divisor of 31 and 129487?
31
Calculate the highest common factor of 226 and 338435.
113
What is the greatest common factor of 2121 and 11697?
21
Calculate the greatest common divisor of 286 and 2575001.
143
What is the greatest common divisor of 19003 and 93?
31
What is the greatest common divisor of 1341 and 9983?
149
Calculate the highest common factor of 288939 and 168.
21
What is the highest common factor of 64 and 35488?
32
Calculate the greatest common divisor of 1001 and 572.
143
What is the highest common divisor of 56 and 169428?
28
What is the greatest common factor of 542 and 69647?
271
Calculate the greatest common divisor of 585 and 897585.
195
Calculate the highest common divisor of 48 and 17580.
12
What is the greatest common divisor of 6235131 and 21?
21
What is the greatest common divisor of 665 and 172501?
133
Calculate the highest common factor of 729 and 9684.
9
Calculate the greatest common factor of 132 and 230868.
132
Calculate the greatest common factor of 57 and 471371.
19
What is the greatest common divisor of 20 and 1736630?
10
What is the highest common divisor of 658 and 23594?
94
Calculate the greatest common factor of 760 and 121030.
190
What is the greatest common divisor of 128 and 190048?
32
Calculate the highest common divisor of 42 and 480.
6
What is the greatest common factor of 22879 and 1336?
167
What is the highest common divisor of 1584 and 8496?
144
Calculate the highest common divisor of 1645560 and 4032.
504
Calculate the highest common divisor of 2061718 and 508.
254
What is the highest common factor of 342 and 1506?
6
What is the greatest common factor of 489 and 150938?
163
Calculate the highest common factor of 1288180 and 580.
580
What is the highest common divisor of 4199 and 493?
17
Calculate the greatest common factor of 132207 and 1143.
381
What is the highest common divisor of 13365 and 29106?
297
Calculate the greatest common factor of 19675 and 2825.
25
What is the highest common divisor of 8448 and 11902?
22
Calculate the highest common factor of 14463555 and 295.
295
What is the greatest common divisor of 91103 and 46?
23
Calculate the greatest common divisor of 663 and 37557.
39
Calculate the greatest common divisor of 980 and 7420.
140
Calculate the greatest common factor of 20468 and 110908.
476
What is the highest common divisor of 1189276 and 1790?
358
What is the greatest common divisor of 8 and 1296024?
8
Calculate the greatest common divisor of 184507 and 921.
307
Calculate the highest common factor of 441 and 553.
7
Calculate the highest common factor of 3402 and 714.
42
Calculate the greatest common factor of 669000 and 669.
669
What is the highest common divisor of 8127 and 9534?
21
Calculate the highest common divisor of 134 and 736.
2
What is the greatest common divisor of 281394 and 1351?
193
What is the highest common factor of 4436 and 41033?
1109
Calculate the greatest common factor of 724 and 348606.
362
Calculate the highest common divisor of 15800 and 6600.
200
Calculate the highest common divisor of 6075 and 175.
25
What is the greatest common divisor of 2070 and 216?
18
What is the greatest common divisor of 27 and 552?
3
Calculate the greatest common factor of 77 and 54005.
7
What is the highest common factor of 5282 and 26966?
278
Calculate the greatest common factor of 520 and 186875.
65
Calculate the greatest common divisor of 80 and 1378420.
20
Calculate the greatest common divisor of 1156 and 148.
4
What is the greatest common divisor of 402428 and 109?
109
Calculate the highest common divisor of 26353 and 10735.
19
Calculate the highest common divisor of 1589538 and 122.
122
What is the highest common divisor of 59094 and 378?
126
Calculate the highest common factor of 43820 and 980.
140
Calculate the highest common factor of 272 and 52428.
68
What is the greatest common factor of 19939 and 43561?
127
What is the greatest common divisor of 12683710 and 2236?
1118
What is the highest common divisor of 34 and 120547?
17
What is the greatest common divisor of 48501 and 765?
153
What is the highest common divisor of 321552 and 77?
77
Calculate the greatest common divisor of 901648 and 36190.
1034
Calculate the greatest common divisor of 40 and 2627080.
40
Calculate the greatest common factor of 59840 and 38335.
935
What is the highest common factor of 10 and 1726?
2
What is the greatest common factor of 95 and 53732?
19
Calculate the greatest common factor of 16515 and 90.
45
What is the highest common divisor of 926508 and 132?
132
Calculate the highest common factor of 1075492 and 132.
44
What is the greatest common factor of 3260 and 295?
5
What is the highest common factor of 90 and 230?
10
Calculate the greatest common factor of 4876 and 2484.
92
What is the highest common factor of 15448 and 160?
8
Calculate the greatest common divisor of 8327 and 205904.
757
Calculate the highest common factor of 434 and 2666.
62
What is the greatest common divisor of 64638 and 98952?
798
Calculate the highest common factor of 1473 and 82979.
491
Calculate the greatest common divisor of 162 and 25218.
54
Calculate the greatest common divisor of 606 and 1886.
2
Calculate the greatest common factor of 33955 and 30.
5
Calculate the greatest common factor of 70 and 910595.
35
What is the highest common divisor of 276 and 259118?
46
What is the highest common divisor of 18 and 260238?
6
Calculate the highest common factor of 99 and 4771107.
99
What is the greatest common factor of 2866 and 32?
2
Calculate the greatest common factor of 453 and 604.
151
What is the greatest common divisor of 57 and 291783?
57
What is the greatest common factor of 770 and 297605?
385
What is the greatest common divisor of 120 and 81960?
120
What is the greatest common factor of 8787 and 7272?
303
What is the highest common divisor of 337 and 10975753?
337
Calculate the greatest common factor of 165 and 141845.
55
What is the highest common factor of 4950 and 131400?
450
What is the greatest common divisor of 65 and 559?
13
Calculate the highest common factor of 32 and 68936.
8
What is the highest common factor of 900 and 212400?
900
Calculate the greatest common factor of 10440 and 11880.
360
Calculate the highest common factor of 752 and 10354288.
752
Calculate the highest common divisor of 22329 and 648.
27
What is the greatest common factor of 206 and 3?
1
Calculate the greatest common factor of 45645 and 935.
85
What is the highest common factor of 150926 and 8993?
391
Calculate the highest common factor of 28602 and 72.
18
Calculate the highest common divisor of 30033 and 846.
423
What is the greatest common divisor of 155 and 80693?
31
What is the highest common factor of 2095 and 145?
5
Calculate the greatest common factor of 717 and 11950.
239
What is the highest common divisor of 505 and 213312?
101
Calculate the highest common divisor of 1722 and 47724.
246
What is the greatest common factor of 290024 and 72?
8
Calculate the greatest common factor of 1360 and 29410.
170
What is the highest common factor of 507 and 136890?
507
Calculate the highest common factor of 205650 and 190.
10
What is the greatest common factor of 198 and 5904?
18
Cal